What is the remainder when u is divided by f?
10
Let j(i) = -i - 3. Let p(a) = 2*a + 4. Let s(u) = -4*j(u) - 3*p(u). Let w = 19 - 4. What is the remainder when w is divided by s(-4)?
7
Suppose 192 = 4*s + 36. Let l(x) = -4*x - 8. Let y be l(6). Let w = y - -52. Calculate the remainder when s is divided by w.
19
Let m(l) = -5*l**2 - 3*l**2 + 4*l + 5 + 3*l**2 + 6*l**2. Suppose -4*u - 29 + 9 = 0. Calculate the remainder when 38 is divided by m(u).
8
Suppose -z + 17 = -0*z. What is the remainder when z is divided by 32/3 + (-4)/6?
7
What is the remainder when (-4)/(-3)*(10 - 1) is divided by 5?
2
Suppose 9*c = -0*c + 180. Calculate the remainder when 78 is divided by c.
18
Calculate the remainder when 0 - (-2)/(-19) - (-14672)/38 is divided by 43.
42
Let r(v) = 9*v**2 - 3*v + 3. Calculate the remainder when r(2) is divided by ((-2)/(-6)*6 + 4)*2.
9
Suppose 0 = 2*h - 2*g, -5*h = -h + 5*g - 18. Suppose h*d + d + 1 = 5*n, -4*d = n - 14. What is the remainder when 5 is divided by d?
2
Let a(j) = -j**3 + 7*j**2 + 3*j + 7. What is the remainder when a(6) is divided by 22?
17
Suppose 0 = -0*z + 2*z - 4*s - 48, -3*s - 101 = -4*z. Suppose 4*m - 14 = z. What is the remainder when 37/2 + (-2)/4 is divided by m?
8
Let i(o) = 0*o + 0*o - 4*o + 17 + 3*o. What is the remainder when i(-12) is divided by 10?
9
Let n(d) = -d**3 - 9*d**2 - 2*d - 4. Suppose 65 + 91 = 3*z. Suppose 0 = h - 3*h + z. Calculate the remainder when h is divided by n(-9).
12
Let z = -22 + 32. What is the remainder when ((-186)/(-15))/(2/z) is divided by 21?
20
What is the remainder when 2/1 - (-7 - 40) is divided by 15?
4
What is the remainder when 48 is divided by (-172)/(-10) - (-13)/(-65)?
14
Let t = 46 - 26. Suppose 0 = -3*m + m + 4*o + t, -5*o + 5 = 0. What is the remainder when 34 is divided by m?
10
Let h(f) = 2*f**2 - 3*f - 4. Suppose 0 + 5 = v. Suppose v + 1 = -2*z, -5*z - 95 = -5*g. What is the remainder when h(-5) is divided by g?
13
Let j(z) = -z**3 + 7*z**2 - 3*z + 2. Let q be (1 - 0) + 4 + -2. Suppose -q*v + 6 = -2*v. What is the remainder when j(v) is divided by 11?
9
Let a(r) = -r**3 + 9*r**2 - 5*r + 3. What is the remainder when a(8) is divided by 10?
7
Suppose 0 = 4*x - 0*x + 20. Let u = x + 12. What is the remainder when u is divided by -3*5/((-15)/4)?
3
Let g(m) = -4*m - 6. Let i be g(-4). Suppose 30 = 4*b + i. Calculate the remainder when 13 is divided by b.
3
Let a(k) = k**3 + 8*k**2. Let q be a(-8). Suppose 3*z + 2*z - 130 = q. What is the remainder when z is divided by 14?
12
Let y(w) = 2*w - 4. Let a be y(3). Suppose -1 = -a*o + 11. Let k(i) = 11*i - 1. What is the remainder when k(1) is divided by o?
4
Suppose 4*c - 38 + 130 = 4*r, 0 = -4*c. Calculate the remainder when 43 is divided by r.
20
Let d = 46 + -21. What is the remainder when (-20)/d*55/(-2) is divided by 8?
6
Let c = 18 + -6. Let m = 4 + -4. Suppose 2*s + 2*s - 140 = m. Calculate the remainder when s is divided by c.
11
Let x = -4 - -4. Suppose -2*l - a + 123 = 0, x*l + 207 = 3*l - 3*a. Calculate the remainder when l is divided by 22.
20
Let h = 58 + -13. Let l = -31 + h. Let b(c) = c**3 - c + 5. What is the remainder when l is divided by b(0)?
4
Let l(p) = -p**3 - 8*p**2 - 8*p + 8. Calculate the remainder when 58 is divided by l(-7).
13
Suppose b + 18 = 4*b. Calculate the remainder when 14 is divided by b.
2
Suppose 31 + 65 = 6*n. What is the remainder when (-2)/8 - (-189)/4 is divided by n?
15
Let i = -246 - -251. Let v be (20/6)/(4/6). Let h(s) = s - 3. What is the remainder when i is divided by h(v)?
1
Suppose -2*j + 16 = 3*g, -2*j + 4*g = 2*j - 32. What is the remainder when 13 is divided by j?
5
Let b = 26 - 13. Let c = 30 + 8. Calculate the remainder when c is divided by b.
12
Suppose s + 35 = 8*s. Let o = 27 + -10. Calculate the remainder when o is divided by s.
2
Suppose -18 + 62 = 2*q. What is the remainder when 41 is divided by q?
19
Let n = 18 + -13. Calculate the remainder when 9 is divided by n.
4
Let o(x) = -8*x**2 - x - 1. Let n = 5 - 6. Let s be o(n). Calculate the remainder when 38 is divided by 2/s - (-106)/8.
12
Suppose -a + 45 = 3*t + 2*a, 0 = -3*t + 3*a + 63. Suppose -3*x + x + t = -4*l, 4*x - 5*l = 24. What is the remainder when x is divided by 1?
0
Let h = -20 + 35. Calculate the remainder when h is divided by 8.
7
Suppose -3*n - 3*s = -39, -n - s = 4*s - 29. What is the remainder when 20 is divided by n?
2
Let b = 32 - 29. Suppose -4*z + 17 = 4*o - z, -2*z + 3 = o. What is the remainder when o is divided by b?
2
What is the remainder when 13 is divided by ((-56)/35)/((-1)/5)?
5
Let m = 11 + 14. What is the remainder when 123 is divided by m?
23
Let k(x) = -5*x - 17. Calculate the remainder when k(-7) is divided by 7.
4
Suppose -2*c + 12 = -6. What is the remainder when 33 is divided by c?
6
Let f = -3 + 6. Suppose -f*p = 3*g - 15, 0*p + 25 = 3*p + g. Suppose 37 - 45 = -2*x. Calculate the remainder when p is divided by x.
2
Let b(j) = -j**2 + 12*j + 26. Let o(v) = v**2 - 5*v + 1. Calculate the remainder when b(13) is divided by o(6).
6
Suppose -2*g = 2*g - 20. Calculate the remainder when -2 - g/(5/(-44)) is divided by 15.
12
Suppose 0*q - 58 = -2*q. Let p(a) = 3*a - 2. Calculate the remainder when q is divided by p(4).
9
Let h(i) = 7*i**2 - 4*i - 23. What is the remainder when h(-3) is divided by 18?
16
Let s = -8 - -12. Suppose -4 = -q, 0 = -s*t + 2*q - 0*q - 8. Suppose t = u + 1 - 9. What is the remainder when 15 is divided by u?
7
Suppose 75 = 4*k - 9. What is the remainder when k is divided by 14?
7
Suppose 0*i = -4*i. Let o = 15 + i. What is the remainder when o is divided by 6?
3
Let o(j) = -8*j**3 + j**2 + 2*j + 1. Calculate the remainder when 15 is divided by o(-1).
7
Let n(h) = -h**3 - 4*h**2 + 8*h. Calculate the remainder when 45 is divided by n(-6).
21
Suppose 0 = -4*f + f + 54. Calculate the remainder when 52 is divided by f.
16
What is the remainder when 87 is divided by 24/(-108) - (-544)/18?
27
Let u(x) = -x**3 - 3*x**2 + 7*x + 6. Let t(g) = g**3 - g**2 + 2*g + 82. What is the remainder when t(0) is divided by u(-5)?
19
Suppose 2*m = -18 + 48. Calculate the remainder when 41 is divided by m.
11
Suppose 3*j - 9 + 74 = 5*f, 0 = -2*j. Suppose 3*u - i - 146 = -0*i, -2*i = -2. What is the remainder when u is divided by f?
10
Suppose -4*y - 3*l + 30 = 2*l, -5*y = 5*l - 35. What is the remainder when 18 is divided by y?
3
Let t = 36 + -25. Let r(s) = s**2 + 4*s + 2. Let d be r(-4). Suppose -5*j + 157 = d*g, 20 + 14 = j + 3*g. Calculate the remainder when j is divided by t.
9
Suppose -h - 90 = -p - 0*h, -2*h - 366 = -4*p. Calculate the remainder when p is divided by 24.
21
Let r(m) = m**2 - 9*m + 27. Suppose -27 = 3*g + 3*l - 114, 2*g - 66 = -4*l. Calculate the remainder when g is divided by r(7).
12
Let i(y) = -2*y**2 - 2*y - 7. Let t(d) = 5*d**2 + 5*d + 20. Let v(h) = -8*i(h) - 3*t(h). Calculate the remainder when v(-6) is divided by 14.
12
Let x be (-2 - -1)/((-2)/6). Suppose -j = x - 41. Let g = -548 + 561. Calculate the remainder when j is divided by g.
12
Suppose -4*n - 2*j + 56 = -7*j, 2*n - 4*j - 34 = 0. Calculate the remainder when n is divided by (2 - 2 - 1) + 6.
4
Let x = 62 - 36. Calculate the remainder when x is divided by 10.
6
Let n(q) = q**2 - q - 1. Let h be n(-1). What is the remainder when 9 is divided by h/(4 - 21/6)?
1
Suppose 0 = -2*d - d + 21. Suppose -5 - d = -q. Let p(c) = 23*c**2 - 2*c + 1. Calculate the remainder when p(1) is divided by q.
10
What is the remainder when 1/(-4) - 3575/(-44) is divided by 12?
9
Let z(l) = -l**2 - l + 1. Let f be z(1). What is the remainder when 73 is divided by ((-2 - -1)*19)/f?
16
Calculate the remainder when 60 is divided by (1 + -2 - -32) + 0.
29
Let r = -2 + 11. Suppose -2 = 3*u - 2*u, 5*k - 21 = 3*u. What is the remainder when r is divided by k?
0
Suppose 0*j - 3*j = -6. Suppose -79 + 6 = -o - j*x, 4*x = -o + 83. Calculate the remainder when o is divided by 16.
15
What is the remainder when 8/10 - 836/(-5) is divided by 19?
16
Suppose 0 = 3*u - 4*u. Let m = 3 - u. Suppose -m*b - b = -20. What is the remainder when 8 is divided by b?
3
Let j(k) = 102*k**3 + k - 2. What is the remainder when j(1) is divided by 34?
33
Let l(j) = 2*j + 2. Let o(m) = 3*m**3 - 3 + m - m**2 + 3 + 1 - 2*m**3. Calculate the remaind